98 divide 34534412?
False
Is 8500478 a multiple of 87?
False
Is 110642064 a multiple of 26?
True
Is 11335044 a multiple of 69?
True
Does 2185 divide 114145456?
False
Is 1096595897 a multiple of 8?
False
Is 256549572 a multiple of 72?
False
Does 2468 divide 317520716?
False
Is 124027072 a multiple of 6?
False
Does 1152 divide 78941898?
False
Is 575600255 a multiple of 3295?
True
Is 458155200 a multiple of 96?
True
Is 645795 a multiple of 15?
True
Does 80 divide 479069760?
True
Is 1122889 a multiple of 33?
False
Is 981 a factor of 211593884?
False
Is 7 a factor of 274917888?
True
Does 34 divide 312943849?
False
Is 58448185 a multiple of 415?
True
Is 52767452 a multiple of 82?
False
Does 2315 divide 374562370?
True
Is 174412652 a multiple of 223?
False
Is 33 a factor of 2572492175?
False
Is 2345906295 a multiple of 101?
True
Is 61201007 a multiple of 14?
False
Does 801 divide 123753980?
False
Does 181 divide 3101467464?
False
Is 7 a factor of 186084655?
False
Is 124174309 a multiple of 2713?
False
Does 128 divide 264386688?
True
Is 47 a factor of 7845616?
True
Does 327 divide 844043571?
True
Is 38688000 a multiple of 50?
True
Is 20013002 a multiple of 60?
False
Is 427 a factor of 17132094?
True
Does 9 divide 375183482?
False
Is 2035435 a multiple of 33?
False
Is 1334 a factor of 280864362?
True
Is 529409124 a multiple of 69?
True
Is 38361886 a multiple of 1751?
False
Is 34 a factor of 1396767148?
False
Is 3966196 a multiple of 168?
False
Is 7 a factor of 721474867?
False
Does 8 divide 380389?
False
Does 1015 divide 7864558?
False
Does 393 divide 26553877?
False
Does 6995 divide 385212396?
False
Is 30 a factor of 2392149549?
False
Does 207 divide 285314724?
True
Does 156 divide 215018856?
True
Does 2348 divide 81454468?
True
Does 245 divide 128487800?
True
Is 467 a factor of 210812406?
False
Is 14481045 a multiple of 135?
True
Is 206211236 a multiple of 772?
True
Does 4 divide 34307841?
False
Is 1280383968 a multiple of 68?
True
Does 664 divide 714464?
True
Is 213761885 a multiple of 120?
False
Is 619792502 a multiple of 1934?
False
Is 77 a factor of 43467886?
True
Is 245744302 a multiple of 1380?
False
Is 14 a factor of 67129878?
False
Is 28 a factor of 10255065?
False
Does 61 divide 48350424?
False
Is 170742746 a multiple of 480?
False
Does 1372 divide 31416056?
True
Is 96 a factor of 43734336?
True
Is 19200450 a multiple of 95?
True
Is 691741353 a multiple of 69?
True
Does 274 divide 10583973?
False
Does 2179 divide 110708453?
True
Does 141 divide 35971638?
True
Is 49157500 a multiple of 20?
True
Is 507133581 a multiple of 111?
True
Is 282274575 a multiple of 33?
True
Does 356 divide 40010840?
True
Does 151 divide 2852994?
True
Does 208 divide 798434833?
False
Does 780 divide 2176560360?
True
Is 50679048 a multiple of 1578?
True
Does 23 divide 30727264?
True
Is 1403 a factor of 45777312?
False
Does 12 divide 191686720?
False
Is 21473462 a multiple of 22?
False
Is 1462948165 a multiple of 35?
True
Is 652 a factor of 6322444?
True
Does 9 divide 14753151?
True
Is 100 a factor of 280383200?
True
Is 72573384 a multiple of 10?
False
Is 9841650 a multiple of 6?
True
Is 21 a factor of 384130541?
False
Is 26844017 a multiple of 150?
False
Does 737 divide 4307644132?
True
Is 100716620 a multiple of 278?
True
Is 677653284 a multiple of 6?
True
Does 9 divide 124293149?
False
Does 54 divide 27493668?
True
Does 36 divide 15720840?
True
Is 315 a factor of 266067900?
True
Is 1960547 even?
False
Is 77973 a multiple of 2?
False
Is 6074879712 a multiple of 24?
True
Is 68 a factor of 2533298780?
False
Is 1642529 a multiple of 22?
False
Is 6025 a factor of 728573125?
True
Does 97 divide 39940429?
True
Is 14 a factor of 3340452?
False
Is 143740781 a multiple of 3?
False
Is 13 a factor of 173027384?
False
Is 31 a factor of 672907539?
False
Is 524936639 a multiple of 974?
False
Is 299054 a multiple of 1042?
True
Is 198960562 a multiple of 1512?
False
Is 65 a factor of 611859471?
False
Is 119321678 a multiple of 7?
True
Does 2 divide 46022250?
True
Does 16 divide 438480657?
False
Does 698 divide 68521264?
True
Is 264 a factor of 254776080?
False
Does 235 divide 20378025?
True
Does 864 divide 22675235?
False
Does 474 divide 7890241?
False
Is 9 a factor of 114620738?
False
Is 430 a factor of 77688100?
True
Is 1032 a factor of 435487488?
True
Does 2685 divide 95628129?
False
Is 173 a factor of 13771492?
True
Is 30561960 a multiple of 2674?
False
Does 158 divide 16261360?
True
Is 80054442 a multiple of 87?
True
Is 31143848 a multiple of 147?
False
Is 38 a factor of 3740776265?
False
Is 5301570 a multiple of 5?
True
Is 837454 a multiple of 34?
True
Does 182 divide 485076835?
False
Is 247 a factor of 2128120137?
True
Is 266703844 a multiple of 814?
True
Is 10617337 a multiple of 624?
False
Does 763 divide 286347560?
False
Is 2612 a factor of 1790288308?
True
Is 1484068185 a multiple of 41?
True
Does 273 divide 148531000?
False
Is 35 a factor of 204901786?
False
Is 12 a factor of 3536259?
False
Does 7 divide 961213617?
True
Does 9 divide 276752507?
False
Does 96 divide 7199395?
False
Does 516 divide 1400963220?
True
Is 28 a factor of 763000?
True
Is 2020 a factor of 126534820?
True
Is 78216 a multiple of 5?
False
Is 6982619 a multiple of 1063?
False
Is 199 a factor of 39450867?
False
Does 2200 divide 10045200?
True
Is 303003506 a multiple of 72?
False
Is 5376488546 a multiple of 13?
True
Does 20 divide 587520?
True
Is 250880194 a multiple of 5?
False
Is 943444747 a multiple of 1829?
False
Is 18 a factor of 105833318?
False
Does 90 divide 62107317?
False
Does 219 divide 168773226?
True
Is 52259670 even?
True
Does 4915 divide 1437543267?
False
Is 539098658 a multiple of 37?
True
Is 957983 a multiple of 10?
False
Is 106112045 a multiple of 881?
True
Is 905 a factor of 452786885?
True
Does 160 divide 626920160?
True
Is 4159 a factor of 213499071?
False
Is 3873227040 a multiple of 48?
True
Is 325932800 a multiple of 800?
True
Is 1587 a factor of 20512336?
False
Is 131228742 a multiple of 289?
False
Is 225070093 a multiple of 59?
False
Does 20 divide 20724540?
True
Is 91 a factor of 27338857?
True
Does 104 divide 15986984?
True
Is 12677310 a multiple of 10?
True
Is 245567745 a multiple of 38?
False
Is 15766981 a multiple of 835?
False
Is 134322297 a multiple of 2202?
False
Is 124 a factor of 52205488?
True
Is 4757 a factor of 572797547?
False
Is 170093 a multiple of 3?
False
Does 799 divide 2366407752?
False
Is 65228476 a multiple of 157?
True
Is 28 a factor of 1735875736?
True
Does 22 divide 28135536?
True
Is 1239 a factor of 3590707491?
True
Does 842 divide 3646692738?
True
Does 1729 divide 30914520?
True
Is 163 a factor of 28717401?
False
Is 47 a factor of 1615194797?
False
Is 220 a factor of 16372180?
True
Does 45 divide 3178476855?
True
Is 3 a factor of 9775705?
False
Does 305 divide 2827966870?
False
Is 31 a factor of 82406290?
False
Does 13 divide 5520052570?
False
Does 5281 divide 127814254?
False
Is 1127191613 a multiple of 2614?
False
Does 42 divide 38382794?
False
Does 6466 divide 3889487515?
False
Does 52 divide 97181935?
False
Does 22 divide 2835140?
True
Does 3659 divide 216034678?
True
Is 17 a factor of 30675446?
True
Is 330 a factor of 19686480?
True
Does 18 divide 345420810?
True
Is 238843086 a multiple of 120?
False
Is 39138075 a multiple of 235?
True
Does 4 divide 1016043?
False
Does 7183 divide 2228318839?
False
Is 15318698 a multiple of 65?
False
Does 40 divide 2648235?
False
Is 2128213701 a multiple of 49?
False
Is 141608356 a multiple of 4707?
False
Does 19 divide 648867499?
True
Is 1026602832 a multiple of 10?
False
Is 8906358224 a multiple of 21?
False
Is 33 a factor of 7287555?
True
Is 350675218 a multiple of 2975?
False
Is 2 a factor of 627965214?
True
Is 2018652 a multiple of 6?
True
Is 364 a factor of 201421775?
False
Is 5687949575 a multiple of 59?
True
Does 18 divide 1586970?
True
Does 2014 divide 36151300?
True
Is 2005392 a multiple of 246?
True
Is 92751011 a multiple of 565?
False
Is 14 a factor of 465792?
False
Is 649 a factor of 93384233?
False
Does 722 divide 2383366345?
False
Does 244 divide 4786060?
True
Does 378 divide 100395288?
True
Is 402 a factor of 3094028778?
True
Does 643 divide 566374997?
False
Is 213 a factor of 1048638405?
True
